m**2 + 8*m - 7. Let z be j(7). Let k(g) = -g**2 + 2. Let i be k(z). Suppose i*x = 32 - 10. List the prime factors of x.
11
Let r = -281 + 1565. List the prime factors of ((1 + -2)*1)/((-12)/r).
107
Let f be (-216)/(-84) - (-4)/(-7). Suppose -f = n + 4. Let l(v) = v + 12. What are the prime factors of l(n)?
2, 3
Let k(h) = -7*h - 22. Let j(y) = 7*y - 4. Let a(g) = -15*g + 9. Let n(m) = 2*a(m) + 5*j(m). Let l be n(-2). What are the prime factors of k(l)?
2, 31
Let j(o) = 98*o - 3. Suppose 5*g + 13 = -2*p - 0*g, 0 = -p - 5*g - 14. List the prime factors of j(p).
5, 19
Suppose 4*g = 4*q + 4, -4*q + 0*g + 5*g - 5 = 0. Suppose 3*s - 4*s + 109 = q. List the prime factors of s.
109
Suppose 4*w + 75 + 13 = 0. Let m be (-4)/w - (-14877)/(-209). Let o = m - -122. List the prime factors of o.
3, 17
Let v(x) = x**2 + 11*x + 8. Suppose -6*r = -r + 60. Let u be v(r). Let w = u + -14. List the prime factors of w.
2, 3
Suppose 0 = -3*t - 6, 4*l - 15*t + 18*t - 1390 = 0. List the prime factors of l.
349
List the prime factors of 4/(-26) + 36/(-780)*-21865.
1009
Suppose -23115 = -41*n + 61550. List the prime factors of n.
5, 7, 59
Let r(k) = 5*k**2 + 2 + 1 - 1 - 12*k - 1. Let h(z) = -z**2 + z + 1. Let j(f) = 6*h(f) + r(f). List the prime factors of j(-5).
2, 3
Let a(c) = -c**3 + c**2 + 3*c - 1. Let l be a(2). Let y be 2 + l + (22 - 1). List the prime factors of (-12)/y*(0 + -46).
23
Let q = 13 + -11. Let o be (-228)/(-54) + q/(-9). Suppose -2*f = 2*f + 2*k - 116, -f + 29 = -o*k. What are the prime factors of f?
29
Let r be 2*(498/(-48))/(1/(-4)). Let h = r - -4. List the prime factors of h.
3, 29
Suppose -6*a - 14940 = -18*a. List the prime factors of a.
3, 5, 83
Let n be (45/(-30))/((-3)/4). Let c be 98/2 - -2 - n. List the prime factors of (c - (1 - -3)) + 4.
7
Suppose 2*z = 15 - 3. Suppose 0 = -z*p + p + 135. Suppose -p = -6*x + 87. What are the prime factors of x?
19
Let h(t) = -3*t**3 - 2*t**2 - 3*t. Let l be h(-2). Let z = l + -32. Let y(k) = -k + 6. List the prime factors of y(z).
2
Suppose 2*f - 23 = 5*s - 0*s, -2*f + 4*s + 20 = 0. Let j be (9/(-2) + f)*-2. Suppose -2*n = 4*m - 6, 2*n + m - 20 - j = 0. What are the prime factors of n?
13
Let n = 14 - 15. Let q = n + 5. List the prime factors of q.
2
Let c = -1085 - -1703. List the prime factors of c.
2, 3, 103
Suppose -z = -3*z - 44. Let u = z + 23. What are the prime factors of (u - -29 - 4) + 2?
2, 7
Suppose -5*a - 2*g + 406 = 0, -8*a + 3*a + 400 = 5*g. What are the prime factors of a?
2, 41
What are the prime factors of (-6 - (2 - (8 + -5))) + 1210?
5, 241
Suppose 19 = -2*w + 155. Let l = 142 - w. What are the prime factors of l?
2, 37
Let d(n) = n**3 - 4*n**2 + n - 7. Let t be d(4). What are the prime factors of ((-46)/t)/((-18)/(-81))?
3, 23
What are the prime factors of (2234/(-8))/(5*(-12)/240)?
1117
Let y = -27 - -15. List the prime factors of (y/18)/(2/(-249)).
83
Suppose 4*h = -4, 4*k + 4*h + 0 - 92 = 0. Suppose -3*f - 2*l = l - k, 3*l = f - 4. Let o = f + -4. What are the prime factors of o?
3
List the prime factors of 18/(-48) + 7305/24.
2, 19
Let g(y) = 2*y**2 + 6*y + 1. Let d be g(2). List the prime factors of 5 + -1 + (d - -17).
2, 3, 7
Let c(z) = 21*z - 49. List the prime factors of c(10).
7, 23
Let y be ((-28)/(-10))/((-2)/(-5)). Suppose 5*d - 42 = -4*t + y, d = 4*t + 29. Suppose 3*w - 2 = d. List the prime factors of w.
5
Let q be ((-6)/(-9))/(4/(-78)). Let v be 2 + 2/(-4)*-38. Let y = q + v. List the prime factors of y.
2
Let t(h) = -h**2 - 10*h + 4. Let w be t(-10). Suppose -2*n - 6 = -w*n. Suppose -3*s + 7*j - 4*j = -60, 0 = -n*j - 9. What are the prime factors of s?
17
Suppose -73*m + 66*m = -826. What are the prime factors of m?
2, 59
Let w(p) be the third derivative of -p**6/120 - p**5/20 + p**4/12 - 5*p**3/6 + 7*p**2. List the prime factors of w(-7).
3, 59
Let m = 15 + -8. Let a = m + -2. Let b(y) = 8*y + 3. What are the prime factors of b(a)?
43
List the prime factors of (639 - 1) + 4/(-16)*-16.
2, 3, 107
List the prime factors of 637 + -42 + 2*1.
3, 199
Let a be (-12)/(-24)*-1*2. Let u = 38 - a. What are the prime factors of u?
3, 13
Let t(k) = 4*k**3 - 5*k**2 - 4*k + 3. Let j = -8 + 10. What are the prime factors of t(j)?
7
Suppose -5*p - l - 12 = 0, p - l = -6*l - 12. Let o be p*(28/(-8) + 3). What are the prime factors of (-1)/(o/1) + 22?
3, 7
Let r(l) = 9*l + 294. List the prime factors of r(-11).
3, 5, 13
Let i(q) be the third derivative of q**5/60 - q**4/24 - 2*q**3/3 + 7*q**2. Let f be i(5). Let y = f + -6. What are the prime factors of y?
2, 5
Suppose 0 = -i - 3, 0*i + 4*i = -x + 1176. Suppose -8*t - t = -x. List the prime factors of t.
2, 3, 11
Suppose -3*q - 5*o = 2*q - 40, -5*q + 28 = o. Suppose 0 = -q*y + 1 + 9. List the prime factors of -3 - (y - (11 + 0)).
2, 3
What are the prime factors of (-4)/18 + 208850/225?
2, 29
Let u(q) = 7*q**3 + 3*q**2 - 7*q + 6. Let d be u(2). Let v = d + 1. What are the prime factors of v?
61
Let u(m) = 3*m + 15. Suppose -16 = -4*a + 2*a. Let c be u(a). Suppose 0 = -k + c + 32. What are the prime factors of k?
71
Let t(i) = -2713*i**3 - 2*i**2 - 20*i - 17. What are the prime factors of t(-1)?
2, 23, 59
Let s = 0 - 1. Let g(h) = -3*h - 1. Let j be g(s). What are the prime factors of 17 + -2 + j + 0?
17
Let w(d) = -d**2 - 6*d. Let r = 10 + -23. Let i = -18 - r. List the prime factors of w(i).
5
Suppose -16*i = -15*i - 366. List the prime factors of i.
2, 3, 61
Suppose -4*t + 4120 = 2*w, 0 = -5*t + 4*w + 3923 + 1227. List the prime factors of t.
2, 5, 103
Let u = -30 - -16. Let d be ((-2130)/(-105))/((-2)/u). Suppose -7*k = -173 - d. List the prime factors of k.
3, 5
Let u be (-21)/(-2)*36/27. Suppose -651 = -u*n + 399. List the prime factors of n.
3, 5
Suppose 3 - 31 = -2*v. Let w = -14 + v. Suppose b + t + 0*t - 12 = w, 76 = 5*b + t. List the prime factors of b.
2
What are the prime factors of 2 + (109/(-3))/(2/(-60))?
2, 3, 7, 13
Suppose 4851 - 1167 = 3*g. What are the prime factors of g?
2, 307
Suppose 0 = -t - 173 - 119. What are the prime factors of t/(-14) - 7/(-49)?
3, 7
Let t(z) = -z**3 - 3*z + 2365. List the prime factors of t(0).
5, 11, 43
What are the prime factors of -65*((-24)/(-9))/((-4)/114)?
2, 5, 13, 19
Suppose -d - 4*d + 245 = 0. Let s be 130/14 + (-14)/d. Let t = -1 + s. What are the prime factors of t?
2
Let n(h) = -h**3 - 38*h**2 + 13*h - 240. List the prime factors of n(-39).
2, 3, 43
Let m = 8 + -8. Suppose m*z - 3*z + i = -106, -i - 140 = -4*z. Suppose -22 = -2*v + z. What are the prime factors of v?
2, 7
List the prime factors of 1/(-10) - (1872717/110)/(-7).
2, 19
Let g(b) = -b**2 - 4*b + 11. Let u be g(-5). Suppose -9*r = -6*r - u. Suppose -5*w = -3*f + 6, 0 = -4*f + r*w + 17 + 5. List the prime factors of f.
7
Let w = -13 - -6. Let d be (w/(-14))/((-1)/18). Let o = d - -25. What are the prime factors of o?
2
Suppose 4*j - 15 = 5. Let y(i) = 9*i + 6. List the prime factors of y(j).
3, 17
What are the prime factors of (-2354)/(-19) + (-78)/(-741)?
2, 31
What are the prime factors of (-10)/(-4)*3940/50?
197
List the prime factors of 9/(-54) + 2689/6.
2, 7
Let r = 294 - 165. Let z be (-2)/(-8) - (-171)/36. Suppose 2*d - 96 = -z*a, 4*a - 5*d + 39 - r = 0. List the prime factors of a.
2, 5
Suppose 4*t + 5*w + 5 = 0, -2*t + 5 = -w - 4*w. Suppose a - 20 = -t*a. Let o = -14 + a. List the prime factors of o.
2, 3
Let z = -17 + 19. Let u(f) = 4*f + 0*f - z + 0*f + 3*f. List the prime factors of u(8).
2, 3
Let o be 14/35*(-2 + 602/1). What are the prime factors of (o/12)/(2/1)?
2, 5
Let t = 282 - 275. List the prime factors of t.
7
Suppose -3*a + 0*h = -5*h - 1664, 4*a - h = 2196. What are the prime factors of a?
2, 137
Let p = -90 - -932. What are the prime factors of p?
2, 421
Suppose 0 = -4*i + c + 6, 4*i + 4*c = 7*c + 2. Suppose 0 = i*j - 541 + 151. List the prime factors of j.
3, 5, 13
Suppose 2176 = 3*f + f. Suppose -2*g = 2*g + f. Let h = g - -196. List the prime factors of h.
2, 3, 5
Suppose -140*z + 131*z + 1476 = 0. List the prime factors of z.
2, 41
Let o = -16 + 99. Suppose -o = -5*n - 23. List the prime factors of (-5 - -1)*(-51)/n.
17
Let q(a) = 2 - 30*a + 28*a + 4 + 31*a**2 - 4. What are the prime factors of q(1)?
31
Suppose 0 = 3*m + 2*o - 2, -4*m - 2*o - 2 = -3*m. Suppose 4*h = -0*h + 3*p + 375, -h = 